) = -d - 3. Let u be s(-6). Let k be 0 + (-40)/(1 - u). Suppose -3*l + k = l. Let a(b) = b**3 - 5*b**2 - 5. Calculate a(l).
-5
Let h be 3/6*4 - -3. Suppose 16 = h*k - 4. Suppose -3*v = 4*m - 3, m + 2 = -3*v - k. Let d(u) = u - 2. Give d(m).
1
Let i = 55 + -52. Let f(p) = 13 - 9 - i - p. Determine f(7).
-6
Let u(c) be the second derivative of -c**3/6 + 7*c**2 - 3086*c. Suppose -3*j + j = 18. Let z = -2 - j. What is u(z)?
7
Let u(v) = 459 + 0*v**2 + v**2 + 476 - 905. What is u(0)?
30
Let k(c) = 2*c**3 + c**2 + 3*c - 3. Let h be k(2). Suppose 0 = 4*x - w - h, 0*x + 3*w = -x - 4. Let y(g) = 0*g**2 - 2*g**2 + 2*g**2 + x*g**2. Determine y(-1).
5
Let m(p) = 4 - p**3 - 194*p + 5 - 6*p**2 + 189*p - 7. Let u = 15 + -19. Determine m(u).
-10
Let k(m) = m**2 - 12*m - 13. Let i(c) = 3*c**2 - 36*c - 37. Let r(a) = 6*i(a) - 17*k(a). Calculate r(10).
-21
Let l(q) = q + 8 - 8 + 0*q - 13. Determine l(9).
-4
Let d(o) = -o**3 - 5*o**2 - 4. Let p be 1026/(-247) - (-2)/13. What is d(p)?
-20
Let t(u) = -22*u**2 + u. Suppose 0*v = 4*v + 5*a + 16, 5*v - 2*a = 13. Give t(v).
-21
Let f(m) be the third derivative of -m**6/120 - m**5/12 + 5*m**4/24 - 5*m**3/6 - 2*m**2. Suppose 9*g = 5*g + 380. Let t = g + -101. What is f(t)?
1
Let d(p) = p**3 - 8*p**2 - p + 2. Suppose -12*h = -60 - 36. Calculate d(h).
-6
Let w(f) = -8*f + 11*f - 7*f + 5*f - 1. Let z(g) = 5*g - 25. Let k(r) = -6*w(r) + z(r). Suppose b + 2*v = 4*b + 8, -2*b - 12 = -3*v. Give k(b).
-19
Let v(w) be the first derivative of -5*w**2/2 + 7*w + 63. Let u be v(2). Let b(k) = 7*k - 2. Let i(c) = 13*c - 3. Let t(l) = 7*b(l) - 4*i(l). Determine t(u).
7
Suppose -d = 57 + 35. Let v = -92 - d. Let z(n) = -n - 1. Give z(v).
-1
Suppose 0*u + 2*u - 393 = 5*k, 0 = 3*k + 5*u + 242. Let y = k + 76. Let t(m) = -m**3 - 3*m**2 + m + 1. Determine t(y).
-2
Let m(u) = -8*u + 3. Let o(x) = -6*x + 1. Let w(p) = -4*m(p) + 5*o(p). Determine w(14).
21
Suppose 0 = -w + 1 + 3. Let g be 4/10 + w/(-10). Let l(h) = -h**2 + h. What is l(g)?
0
Let v(x) be the second derivative of 4*x**3 - x**2/2 - 2*x - 168. Suppose -4*d - 6*m - 2 = -4*m, 2*d + 7 = -3*m. What is v(d)?
23
Let u(k) = -k**2 - 3*k + 29. Suppose 8 = -3*p - 5*l, 0 = -p + 4*l - 5 - 9. What is u(p)?
11
Let x(t) be the first derivative of -t**3/3 + 21*t**2/2 + 2*t - 151. Give x(21).
2
Let r = 2 + 0. Let y(f) = -5*f**2 - r*f + 4 + 4*f**2 + 0*f**2 + 5*f. Let w be 1*(-3)/(-3) + 2. Give y(w).
4
Let a = 10 + -3. Suppose a*q - q = -36. Let z(o) = -o**2 - 7*o - 5. What is z(q)?
1
Let k = -22 - -37. Suppose -k = -9*y + 4*y. Let b(h) = 1 - 5*h + 2*h**3 - 15*h**y + 3*h. Determine b(1).
-14
Let p(j) = 4*j**3 + 12*j**2 + 10*j - 7. Let x(u) = -9*u - 3*u**3 + 414 - 407 - 10*u**2 - u**2. Let r(y) = -2*p(y) - 3*x(y). What is r(-8)?
1
Let l be (-6)/(-3)*(-1 + -1). Let j(m) be the first derivative of 3*m**2 + 3*m + 338. Calculate j(l).
-21
Let w(j) = 5*j**2 + j + 4. Let z be w(-3). Let i = z + -31. Suppose -i = 6*g - 3*g. Let x(a) = -a - 7. What is x(g)?
-2
Let w(y) be the second derivative of y**5/20 + 3*y**4/4 - 5*y**3/3 - 3*y**2 + 3627*y. Suppose 0*a = -3*a - 30. Calculate w(a).
-6
Let g(l) = 2*l**2 - 2*l. Let m be g(2). Suppose 2*h - 6 = -2*z, 3*h - 15 = -0*z - z. Let t(y) = -h*y**2 - y**3 + 7 + 4 - 7 - m*y + 2. Calculate t(-5).
1
Let t(p) = 7 - 4*p + 24*p**2 - 11*p**2 - 14*p**2 - 3. Determine t(-7).
-17
Let v(x) = 241*x - 21 + 31 - 238*x. Give v(-4).
-2
Let j(z) = -4 + 4*z**2 + 2*z**2 + 3*z - 2*z + 2*z + z**3. Suppose -11 - 4 = -3*b. Suppose -9*s - b = -8*s. Give j(s).
6
Let f(j) = j**2 + 12*j - 19. Let q(g) = -g**2 + 2*g + 1. Let l(p) = -f(p) - 2*q(p). Give l(15).
2
Let c(g) = 3*g + 10. Let v(x) = -x. Let m(o) = c(o) + 2*v(o). Determine m(0).
10
Let n(b) = 2*b**2 + 5*b + 5. Let u(w) = -w**2 - 5*w - 4. Suppose -5*t + 2*t + 4*o - 25 = 0, 2*o - 11 = t. Let c(z) = t*u(z) - 2*n(z). Give c(6).
-4
Let b(d) = -d - 2. Suppose -3*x - 11*t + 15*t - 10 = 0, 0 = -x - 2*t. Give b(x).
0
Let f(n) be the third derivative of n**5/60 + n**4/24 + 5*n**3/6 - n**2. Suppose 95*h - 90*h = 0. Let i be f(h). Let t(s) = s - 7. Calculate t(i).
-2
Let c(a) be the second derivative of -17*a - 1/12*a**4 + 0 + a**3 - 7/2*a**2. Calculate c(5).
-2
Let p(x) = 2*x + 16. Let c be p(-7). Suppose 2*a = i - 2*i - 1, 2*i = -c. Let w(r) = -2*r**3 - 4 + 5*r**3 - 2*r**3 + r**2. Determine w(a).
-4
Let i(h) = -h**2 + 1. Let q be (-151)/(-5) - ((-12)/15 - -1). Suppose -25*m = -q*m. Give i(m).
1
Let v(a) = -a + 29. Let p be v(12). Suppose 4*i + p = -4*q - i, -5*i = -q + 2. Let g(z) = 3*z + 3. Give g(q).
-6
Let s(h) be the first derivative of h**4/2 - h**3 - h**2 + 3*h + 182. What is s(3)?
24
Let i(c) = 10*c - 6. Let q be i(3). Suppose t + 3 = v, t + 4*v = -t + q. Let h(f) = 2*f**2 - 2*f - 1. Calculate h(t).
3
Let r(v) = v**3 + 6*v**2 + 3*v - 5. Let b(n) = -8*n**2 - 48*n - 5. Let q be b(-6). Determine r(q).
5
Suppose g - 13 = -5*i, -5*g + 4*g + 7 = 2*i. Let r(s) = s - 6. Let b be r(9). Let w(v) = 16*v - 6*v**i - 9*v - v**b + 6 - 8*v. Determine w(-5).
-14
Let u(o) = -o - 6. Suppose -3*i + i - 2*k + 2 = 0, 5*i - 4*k = 50. Give u(i).
-12
Let l(y) = 29*y**2 - 20*y + 3. Let j(c) = -10*c**2 + 7*c - 1. Let g(b) = -17*j(b) - 6*l(b). Suppose -1 - 9 = -5*n. Suppose n*t - 2 = -0. Determine g(t).
-4
Let a(d) be the second derivative of d + 0 + 0*d**2 + 1/120*d**5 - 1/3*d**3 + 1/6*d**4. Let g(n) be the second derivative of a(n). Determine g(0).
4
Let p be 10*(3 - 2) - 4. Let i(r) = r**2 - 7*r + 6. Let v be i(p). Let f(a) = v - 2*a + 5 - 2 + 6. Calculate f(6).
-3
Let i(v) = -v**2 - 2*v + 1. Let w be (-2)/((-2)/6*2). Suppose 7*d + 4*h + 18 = 2*d, -10 = w*d + 2*h. Give i(d).
1
Suppose 5*j = 3*l - 2 + 44, 2*j + 4 = -4*l. Let n(y) be the first derivative of -y**4/4 + 2*y**3 - 1. Determine n(j).
0
Let y(n) be the second derivative of n**3/3 - 3*n**2 + 3*n. Let o(m) = -2*m + 5. Let k(i) = -5*o(i) - 4*y(i). What is k(6)?
11
Let n(y) be the third derivative of y**7/2520 - 7*y**6/720 - y**5/40 + 3*y**4/4 - 16*y**2. Let q(o) be the second derivative of n(o). Determine q(8).
5
Let n(l) = -l**3 - 10*l**2 + 7*l + 3. Let z be n(-11). Let k = z + -51. Let a(t) = 3*t + 5. What is a(k)?
-7
Let b(p) = p**3 + 5*p**2 - 8*p - 12. Let m be b(-6). Let r be (m - 4) + 1/((-1)/(-10)). Let w(k) = -k. Give w(r).
-6
Let s = -5 - -7. Suppose 0 = 5*l - 0*l + 10, -2*q = l - s. Let b(f) = 2*f + 2. Give b(q).
6
Let w(n) = -2*n**3 - 4*n**2 + 2*n + 4. Let c be w(-3). Let l(m) = -c*m + 2 - 12*m + 30*m. Give l(-2).
-2
Suppose 53 = 3*w + 29. Let b(p) = -3*p + 10. What is b(w)?
-14
Let n be 32/(-6) + 12/(-18). Let i be n + 11 - 3/1. Let s be -1 - -1 - (2 - i). Let o(p) = -p**2 - 3. Calculate o(s).
-3
Suppose -4*h + 24 = 2*w - 5*w, 2*h - 4*w - 2 = 0. Suppose h + 3 = 3*p. Let r(a) = 4*a - 1. Let l(m) = 13*m - 2. Let q(u) = 2*l(u) - 7*r(u). Determine q(p).
-5
Let n = 68 + -55. Let u(i) = -28*i + n*i + 9*i + 9 + 10*i. Give u(-6).
-15
Suppose -3*j = -3*f + 57, 2*j + f + 60 = 13. Suppose 0 = 8*s - 46 - 162. Let a = s + j. Let i(k) = k - 2. Give i(a).
2
Suppose -3*k - k = -12. Let p(t) = 3 + 4*t - k*t - 2*t - 2*t + t**2. Give p(5).
13
Suppose 3*f - 3*h = 0, 0*f + 2*f + h - 15 = 0. Suppose b = -0*b - 2*r + 65, 0 = -b + 4*r + 35. Suppose 0 = -f*j - 25 + b. Let c(o) = -2*o + 6. Calculate c(j).
-6
Let v(i) = -39*i + 81. Let c(t) = 5*t - 10. Let a(b) = 33*c(b) + 4*v(b). Let z(k) = 46*k - 31. Let o(r) = 11*a(r) - 2*z(r). Give o(3).
17
Let q be 8 + 1 + 0 + -3. Let x = 12 - q. Let r(k) = k**3 - 7*k**2 + 9*k - 8. Give r(x).
10
Let g(h) = -h**2 + 32*h - 200. Let w be g(9). Let j(m) be the first derivative of -w + 9*m + 1/2*m**2. Calculate j(-7).
2
Let d be (-13 - -5) + 6 + 5. Let l(x) = -x**3 + 4*x**2 - 4*x + 3. Determine l(d).
0
Let u(c) = -7*c**3 - 11*c**2 - 8*c - 2. Let z(j) = -8*j**3 - 12*j**2 - 9*j - 2. Let w(l) = -7*u(l) + 6*z(l). Calculate w(-5).
-8
Let t be 2*(-6 + 1*(-4)/(-1)). Let a(v) = v**3 + 4*v**2 - 4*v - 5. Give a(t).
11
Let t(h) = h**3 - 3*h**2 + h + 1. Suppose -21*m = -27*m + 18. What is t(m)?
4
Suppose -3*a + 2 = -1. Let w be (-100)/(-12) - a/3. Suppose -2*f - w = -4. Let k(y) = -5*y - 3. What is k(f)?
7
Let p(m) = 20*m - 60. Let i be p(8). Let f = i - 103. Let l(g) = g + 1. What is l(f)?
-2
Suppose 30*w - 34*w + 112 = 0. Let h be w/(-4) + 2 - 0. Let v(l) = l**2 + 4*l. Calculate v(h).
5
Let l(y